e 8) to base 10
343
-200 (base 12) to base 8
-440
What is -10021222111 (base 3) in base 15?
-14347
e6 (base 15) to base 16
d8
What is 1564 (base 7) in base 10?
634
What is 175367 (base 8) in base 9?
107115
-2131 (base 4) to base 5
-1112
Convert 12041 (base 7) to base 3.
11021102
33444 (base 5) to base 12
145a
Convert 50a8 (base 15) to base 2.
100001010001001
2214 (base 5) to base 13
1aa
5393 (base 12) to base 5
243213
What is 3850 (base 16) in base 10?
14416
What is -220000202 (base 3) in base 11?
-12184
What is 13644 (base 11) in base 13?
8aac
-21275 (base 8) to base 14
-3353
What is -19780 (base 10) in base 13?
-9007
3313111 (base 4) to base 6
201141
-1011011101 (base 2) to base 9
-1004
What is 1e6 (base 15) in base 5?
3231
Convert -7648 (base 11) to base 13.
-4797
Convert -ba97 (base 12) to base 3.
-1001012121
3785 (base 11) to base 9
6681
Convert 329 (base 16) to base 2.
1100101001
Convert 9d5 (base 16) to base 15.
b2c
What is 1011000 (base 2) in base 13?
6a
Convert -398c (base 15) to base 13.
-578a
1b1aa (base 12) to base 7
224446
-120101 (base 3) to base 2
-110011111
Convert -12212230 (base 4) to base 8.
-64654
-1201121 (base 3) to base 14
-65c
2003 (base 11) to base 2
101001101001
What is -674 (base 8) in base 11?
-374
What is 21221100 (base 3) in base 13?
2832
522 (base 8) to base 10
338
Convert -131211 (base 4) to base 16.
-765
What is -2c8a (base 14) in base 9?
-11826
Convert 100101011110 (base 2) to base 16.
95e
What is -2656 (base 13) in base 4?
-1111213
Convert 17517 (base 8) to base 3.
101222212
151450 (base 7) to base 13
104b6
Convert 614 (base 11) to base 8.
1345
Convert -486 (base 11) to base 7.
-1454
110101011000 (base 2) to base 12
1b88
-1321143 (base 5) to base 11
-18941
-1045 (base 7) to base 11
-312
Convert -452131 (base 6) to base 7.
-215665
Convert 32103 (base 7) to base 10.
7941
Convert 136 (base 11) to base 4.
2200
105 (base 12) to base 13
b6
Convert -121023 (base 4) to base 14.
-831
What is -131 (base 12) in base 4?
-2311
Convert -2ff (base 16) to base 6.
-3315
Convert ab40 (base 13) to base 4.
11311021
1316 (base 7) to base 3
200122
What is -26685 (base 10) in base 11?
-1905a
What is -30232 (base 5) in base 11?
-1506
Convert -278b1 (base 13) to base 15.
-16dd2
1bb (base 13) to base 2
101000011
What is 433 (base 14) in base 16?
33d
What is -1001001 (base 2) in base 6?
-201
What is 20121221 (base 3) in base 5?
123311
What is -8615 (base 11) in base 9?
-16555
302213 (base 4) to base 6
22555
What is -1440 (base 5) in base 14?
-137
Convert -2166 (base 16) to base 12.
-4b46
Convert -b7c (base 14) to base 2.
-100011011010
Convert -334223 (base 7) to base 15.
-127ab
Convert -3ab (base 12) to base 11.
-472
Convert 100220 (base 4) to base 15.
4ae
Convert 312 (base 7) to base 14.
b2
15421 (base 7) to base 4
1003213
Convert 13473 (base 9) to base 14.
348a
Convert 5a65 (base 14) to base 5.
1001034
Convert -2020332 (base 4) to base 8.
-21076
Convert 12d (base 16) to base 8.
455
What is -18245 (base 9) in base 3?
-122021112
-3927 (base 10) to base 4
-331113
What is 4100 (base 5) in base 12?
379
-77626 (base 9) to base 12
-259b0
-527 (base 13) to base 5
-12003
What is e6 (base 15) in base 10?
216
What is 14435 (base 7) in base 6?
30255
Convert -111001100 (base 2) to base 13.
-295
What is 571 (base 13) in base 12?
661
Convert -44313 (base 7) to base 4.
-2231331
-1167 (base 9) to base 4
-31213
-16 (base 15) to base 16
-15
What is 103323033 (base 4) in base 13?
2b1c1
261 (base 10) to base 4
10011
135020 (base 6) to base 11
9647
11843 (base 15) to base 12
283b3
Convert 112211 (base 4) to base 9.
1875
Convert -103344 (base 5) to base 16.
-e0f
What is 1346 (base 7) in base 9?
642
What is -1341 (base 12) in base 16?
-8a1
1441 (base 6) to base 15
1aa
What is -1014a (base 15) in base 16?
-c6e8
2019 (base 12) to base 3
11202210
Convert -274 (base 13) to base 7.
-1156
What is 51750 (base 8) in base 5?
1141410
62463 (base 8) to base 13
ba3b
What is 103113 (base 5) in base 14?
1405
Convert -4535 (base 6) to base 16.
-42b
-1122102 (base 3) to base 4
-102233
What is 3054 (base 6) in base 4?
22222
What is -a430 (base 12) in base 4?
-10113210
What is 22322 (base 4) in base 8?
1272
-1100011101001010 (base 2) to base 10
-51018
-56e4 (base 16) to base 10
-22244
7729 (base 11) to base 16
27d3
-5342 (base 7) to base 5
-30032
43311 (base 9) to base 2
111000000001100
Convert -5 (base 6) to base 11.
-5
-7bb (base 16) to base 9
-2638
Convert 1125 (base 13) to base 8.
4535
30322 (base 5) to base 10
1962
Convert 426 (base 16) to base 3.
1110100
-bd8 (base 15) to base 12
-1672
What is -7488 (base 12) in base 15?
-3bbb
Convert 1823 (base 12) to base 15.
cdc
144100 (base 5) to base 4
1200012
-9608 (base 16) to base 12
-1a288
-1320301 (base 4) to base 2
-1111000110001
Convert 504 (base 6) to base 3.
20211
Convert -229 (base 10) to base 3.
-22111
Convert 123302 (base 7) to base 10.
22787
2b5 (base 15) to base 16
26c
What is 156 (base 12) in base 9?
253
What is -2115 (base 9) in base 5?
-22203
-19 (base 13) to base 5
-42
Convert -42300 (base 5) to base 10.
-2825
4a (base 15) to base 5
240
What is -246506 (base 7) in base 9?
-68405
32c (base 14) to base 11
521
Convert 15062 (base 7) to base 14.
1732
-745 (base 8) to base 9
-588
-1034 (base 15) to base 10
-3424
What is 1444 (base 11) in base 4?
131013
Convert 1229 (base 15) to base 16.
f18
Convert -10032 (base 5) to base 12.
-456
What is -5b48 (base 13) in base 3?
-122200221
587 (base 16) to base 14
731
-100100011000001 (base 2) to base 15
-57ba
What is -3c62 (base 16) in base 2?
-11110001100010
What is 116 (base 9) in base 13?
75
-65326 (base 7) to base 13
-754c
What is -1111111101001 (base 2) in base 12?
-4889
What is -9ca (base 13) in base 2?
-11010010111
Convert -14153 (base 9) to base 2.
-10010110000110
What is 50345 (base 6) in base 2?
1100111011001
What is -390 (base 10) in base 6?
-1450
What is -280 (base 13) in base 4?
-12322
Convert 77b (base 12) to base 13.
66b
What is 2320413 (base 5) in base 3?
2010120221
-3032 (base 4) to base 2
-11001110
Convert -3154 (base 8) to base 9.
-2226
Convert 64100 (base 9) to base 3.
2011010000
-268 (base 10) to base 7
-532
736 (base 14) to base 9
1847
Convert 3b9 (base 13) to base 2.
1010010011
What is 1338 (base 9) in base 4?
33233
-5797 (base 13) to base 10
-12292
What is -110 (base 14) in base 16?
-d2
What is 12c (base 16) in base 5?
2200
-21122 (base 3) to base 16
-ce
What is -2120111 (base 3) in base 4?
-131110
Convert -52 (base 9) to base 10.
-47
-397a (base 11) to base 9
-7073
What is -10663 (base 8) in base 6?
-32551
Convert 1302 (base 4) to base 10.
114
-954 (base 10) to base 3
-1022100
-120810 (base 9) to base 16
-11c7c
What is -2c2 (base 13) in base 12?
-354
Convert -10a1 (base 11) to base 14.
-750
-35412 (base 6) to base 8
-12000
Convert 243 (base 11) to base 14.
169
What is 91a3 (base 14) in base 8?
60713
Convert 2bc (base 16) to base 12.
4a4
What is -7122 (base 10) in base 8?
-15722
What is 391c (base 13) in base 8?
17711
Convert 26573 (base 8) to base 3.
120222020
Convert -638a (base 11) to base 9.
-12525
What is 1565 (base 10) in base 14?
7db
-6843 (base 12) to base 5
-332241
What is 4a49 (base 15) in base 5?
1001234
What is -1222 (base 5) in base 14?
-d5
-133001 (base 7) to base 6
-311532
Convert -bd1 (base 16) to base 5.
-44100
Convert -553 (base 8) to base 6.
-1403
Convert -4043 (base 9) to base 13.
-1464
What is 2a307 (base 12) in base 5?
3343231
Convert -a34 (base 11) to base 13.
-74c
6111 (base 12) to base 11
79a9
Convert 1864 (base 12) to base 6.
21404
Convert -3312 (base 6) to base 13.
-46a
What is 381 (base 14) in base 3?
221222
Convert -10b (base 15) to base 4.
-3230
-436 (base 10) to base 3
-121011
What is 3003223 (base 4) in base 8?
30353
-12301 (base 4) to base 13
-274
What is 7516 (base 8) in base 9?
5333
What is -251e (base 16) in base 4?
-2110132
What is -1323 (base 7) in base 8?
-773
Convert 71 (base 13) to base 2.
1011100
Convert 130403 (base 6) to base 13.
54b7
Convert 120011121 (base 3) to base 4.
2230303
What is 2010121001 (base 3) in base 10?
41986
What is 2988 (base 16) in base 10?
10632
What is -2199 (base 16) in base 3?
-102210120
Convert -38002 (base 9) to base 13.
-b7cb
136 (base 15) to base 8
424
What is 1021002 (base 3) in ba